, 8231
List the prime factors of 6986115.
3, 5, 51749
What are the prime factors of 2864966?
2, 13, 101, 1091
What are the prime factors of 203973?
3, 7, 11, 883
What are the prime factors of 14229027?
3, 97, 1811
List the prime factors of 354592.
2, 7, 1583
List the prime factors of 30737986.
2, 53, 409, 709
What are the prime factors of 148947?
3, 131, 379
List the prime factors of 68978.
2, 7, 13, 379
What are the prime factors of 9101350?
2, 5, 182027
List the prime factors of 896608.
2, 28019
What are the prime factors of 5858302?
2, 17, 53, 3251
What are the prime factors of 1601360?
2, 5, 37, 541
List the prime factors of 2058507.
3, 11, 29, 239
What are the prime factors of 21240304?
2, 223, 5953
What are the prime factors of 4061290?
2, 5, 103, 3943
What are the prime factors of 7422787?
19, 390673
List the prime factors of 3268941.
3, 13, 79, 1061
List the prime factors of 484514.
2, 242257
List the prime factors of 965339.
131, 7369
List the prime factors of 113348.
2, 43, 659
What are the prime factors of 64369?
59, 1091
What are the prime factors of 1426?
2, 23, 31
What are the prime factors of 2378262?
2, 3, 396377
List the prime factors of 7272837.
3, 11, 13, 5651
List the prime factors of 977583.
3, 325861
What are the prime factors of 24351078?
2, 3, 61, 66533
List the prime factors of 14777948.
2, 31, 37, 3221
List the prime factors of 431236.
2, 13, 8293
List the prime factors of 3612361.
523, 6907
List the prime factors of 1646733.
3, 11, 139, 359
List the prime factors of 13915297.
11, 67, 79, 239
What are the prime factors of 247634?
2, 123817
List the prime factors of 2214077.
2214077
List the prime factors of 188852.
2, 31, 1523
List the prime factors of 78753.
3, 26251
What are the prime factors of 5180440?
2, 5, 67, 1933
What are the prime factors of 1360355?
5, 73, 3727
List the prime factors of 2702912.
2, 157, 269
What are the prime factors of 33856601?
29, 1167469
List the prime factors of 764150.
2, 5, 17, 29, 31
What are the prime factors of 654909?
3, 199, 1097
What are the prime factors of 454646?
2, 31, 7333
List the prime factors of 36303.
3, 12101
What are the prime factors of 10718276?
2, 23, 113, 1031
List the prime factors of 1459165.
5, 291833
What are the prime factors of 1031813?
1031813
List the prime factors of 1423227.
3, 13, 36493
List the prime factors of 1665158.
2, 11, 75689
What are the prime factors of 171965?
5, 163, 211
List the prime factors of 18198530.
2, 5, 7, 499, 521
List the prime factors of 1574266.
2, 547, 1439
What are the prime factors of 1187196?
2, 3, 19, 41, 127
List the prime factors of 14978273.
443, 33811
List the prime factors of 16419460.
2, 5, 31, 71, 373
What are the prime factors of 2635312?
2, 164707
List the prime factors of 13811325.
3, 5, 11, 16741
List the prime factors of 528639.
3, 176213
What are the prime factors of 3123831?
3, 41, 109, 233
What are the prime factors of 8403463?
127, 66169
What are the prime factors of 23018329?
19, 37, 137, 239
List the prime factors of 2375434.
2, 1187717
What are the prime factors of 16354580?
2, 5, 11, 79, 941
What are the prime factors of 375592?
2, 7, 19, 353
What are the prime factors of 5169650?
2, 5, 103393
What are the prime factors of 1954632?
2, 3, 23, 3541
List the prime factors of 1582523.
61, 25943
List the prime factors of 10737186.
2, 3, 43, 41617
What are the prime factors of 68175?
3, 5, 101
What are the prime factors of 167661?
3, 13, 1433
What are the prime factors of 1233221?
11, 112111
What are the prime factors of 1667446?
2, 11, 75793
List the prime factors of 406997.
17, 89, 269
What are the prime factors of 265189?
509, 521
What are the prime factors of 562200?
2, 3, 5, 937
List the prime factors of 142282.
2, 7, 10163
List the prime factors of 4686819.
3, 73, 21401
List the prime factors of 1609534.
2, 804767
List the prime factors of 331191.
3, 7, 751
List the prime factors of 25582279.
23, 1112273
What are the prime factors of 280655?
5, 56131
What are the prime factors of 1070417?
1070417
List the prime factors of 6473815.
5, 29, 44647
List the prime factors of 1217330.
2, 5, 19, 43, 149
What are the prime factors of 7788559?
23, 29, 11677
List the prime factors of 8279450.
2, 5, 165589
What are the prime factors of 116460?
2, 3, 5, 647
What are the prime factors of 11187100?
2, 5, 111871
List the prime factors of 4331756.
2, 11, 13, 7573
What are the prime factors of 19900576?
2, 621893
What are the prime factors of 426004?
2, 106501
What are the prime factors of 510310?
2, 5, 51031
List the prime factors of 273259.
7, 103, 379
What are the prime factors of 30382141?
30382141
What are the prime factors of 10675644?
2, 3, 7, 19, 6689
List the prime factors of 288110.
2, 5, 47, 613
List the prime factors of 33598806.
2, 3, 103, 54367
What are the prime factors of 132212?
2, 33053
What are the prime factors of 465895?
5, 93179
What are the prime factors of 6486440?
2, 5, 31, 5231
List the prime factors of 251311.
17, 14783
What are the prime factors of 172664?
2, 113, 191
List the prime factors of 9010909.
29, 310721
List the prime factors of 10444140.
2, 3, 5, 7, 307
What are the prime factors of 3809648?
2, 238103
List the prime factors of 525431.
525431
List the prime factors of 8360628.
2, 3, 696719
List the prime factors of 1454173.
7, 59, 503
List the prime factors of 222593.
7, 31799
What are the prime factors of 2760048?
2, 3, 6389
What are the prime factors of 5606889?
3, 17, 29, 223
What are the prime factors of 26517226?
2, 13258613
What are the prime factors of 231280?
2, 5, 7, 59
What are the prime factors of 6394559?
6394559
List the prime factors of 101710.
2, 5, 7, 1453
What are the prime factors of 2882846?
2, 1441423
List the prime factors of 9745515.
3, 5, 13, 617
List the prime factors of 3862350.
2, 3, 5, 2861
What are the prime factors of 459910?
2, 5, 11, 37, 113
What are the prime factors of 4889646?
2, 3, 10061
What are the prime factors of 2250018?
2, 3, 17, 19, 43
List the prime factors of 282624.
2, 3, 23
List the prime factors of 686226.
2, 3, 114371
List the prime factors of 1089880.
2, 5, 11, 2477
What are the prime factors of 147202?
2, 11, 6691
What are the prime factors of 664398?
2, 3, 7, 5273
List the prime factors of 1186877.
61, 19457
List the prime factors of 9566573.
137, 69829
What are the prime factors of 4292716?
2, 751, 1429
What are the prime factors of 509801?
509801
List the prime factors of 10910369.
359, 30391
What are the prime factors of 2085469?
2085469
What are the prime factors of 882920?
2, 5, 22073
List the prime factors of 30313122.
2, 3, 7, 127, 5683
What are the prime factors of 359102?
2, 409, 439
What are the prime factors of 194404?
2, 7, 53, 131
What are the prime factors of 3644013?
3, 1214671
What are the prime factors of 1575795?
3, 5, 13, 8081
What are the prime factors of 9453488?
2, 11, 19, 257
What are the prime factors of 679933?
679933
List the prime factors of 135554.
2, 67777
What are the prime factors of 320901?
3, 7, 37, 59
What are the prime factors of 328672?
2, 10271
What are the prime factors of 3018698?
2, 1109, 1361
List the prime factors of 8527411.
23, 499, 743
What are the prime factors of 8857669?
8857669
What are the prime factors of 12191584?
2, 17, 73, 307
List the prime factors of 166427.
47, 3541
List the prime factors of 166187.
7, 23741
What are the prime factors of 15187917?
3, 41, 123479
What are the prime factors of 2823705?
3, 5, 131, 479
List the prime factors of 731552.
2, 22861
List the prime factors of 2482541.
241, 10301
What are the prime factors of 144382?
2, 7, 10313
List the prime factors of 4256327.
4256327
What are the prime factors of 2129545?
5, 11, 31, 1249
List the prime factors of 693366.
2, 3, 115561
List the prime factors of 1744654.
2, 53, 109, 151
List the prime factors of 17358654.
2, 3, 283, 10223
What are the prime factors of 2285072?
2, 17, 31, 271
What are the prime factors of 5101417?
5101417
List the prime factors of 9232337.
9232337
List the prime factors of 815297.
7, 116471
List the prime factors of 2726820.
2, 3, 5, 15149
List the prime factors of 1771455.
3, 5, 7, 16871
What are the prime factors of 113195?
5, 22639
List the prime factors of 432183.
3, 144061
What ar